h(y) + 6*q(y). Let b be f(6). Calculate the highest common factor of 21 and b.
7
Suppose -117 = -26*d - 34 + 99. What is the highest common divisor of 217 and d?
7
Let d = 2542 + -2536. Calculate the highest common factor of d and 249.
3
Let p(f) = 102*f**2 - 3977*f - 22. Let m be p(39). Calculate the greatest common divisor of m and 73763.
17
Suppose 0 = -361*v + 358*v - 2*b + 22, -5*b + 33 = 2*v. Calculate the highest common factor of v and 662.
2
Let x be 14/(672/36)*-16 + 2417. What is the highest common factor of x and 455?
65
Suppose -9*g - 12 = -390. Calculate the greatest common factor of 39 and g.
3
Let h(v) = -46*v + 790. Let p be h(13). Calculate the highest common divisor of 448 and p.
64
Suppose -5 = -6*i + 7. Let y = 5 - i. Let n be (y - -4)/((-1)/(-4)). What is the highest common factor of n and 42?
14
Let v = 792 + -483. Let i = v - 109. Let g be (-10)/(-2*(-1)/(-5)). What is the highest common divisor of i and g?
25
Let i be 487 + -1 + 14 + -7. What is the highest common divisor of 17 and i?
17
Let b be 8 + 39/(-117)*-78*26. What is the highest common divisor of b and 72?
36
Let s = -2094 - -2302. Calculate the greatest common factor of 608 and s.
16
Suppose -12*n - 808 = -2*l - 16*n, 3*n = -2*l + 811. Suppose 7*f - l = -214. Calculate the highest common divisor of 700 and f.
28
Let d(t) = t**3 + t**2 - 50*t + 171. Let s be d(4). What is the highest common factor of 1173 and s?
51
Let t(o) = -o**3 + 17*o**2 + 6*o - 18. Let p be t(17). Let f = 88 - p. Let b be f/(80/1444) + (-1)/5. What is the greatest common divisor of 9 and b?
9
Let v be (19/((-76)/(-3760)))/1 + 2. What is the greatest common factor of v and 3925?
157
Let p(r) = r**3 + r + 7. Let s be p(0). Let w = 119 - -193. Let u be (-3)/((w/147)/(-2) + 1). Calculate the greatest common divisor of s and u.
7
Let a be 1/(-1) + 85 + 7. Suppose -5*l = -2*s + 8 - a, 0 = l - 5*s - 35. Let j = 919 + -814. Calculate the highest common factor of j and l.
15
Suppose -67*b = -56*b - 17765. What is the greatest common factor of 19 and b?
19
Let k be (13*45/(-75))/(2/(-20)). What is the highest common factor of k and 6?
6
Let y(l) = -14*l**2 - 86*l + 6. Let n be y(-6). Let r be 123/n + (-20)/24. What is the greatest common factor of r and 138?
6
Let f be 0/3 + -1 - -61. Let r(s) = -25*s + 3155. Let y be r(95). What is the highest common factor of f and y?
60
Let c be 212 - (12/3 + -8). Suppose 0 = -11*n + c + 48. What is the greatest common factor of 24 and n?
24
Let c = -448 - -474. Suppose c*x - 10 = 25*x. Calculate the highest common divisor of x and 50.
10
Let v = 90 + -77. Suppose -x = -5*x. Suppose -3*n + 0*b + 197 = b, x = 3*n - 3*b - 189. Calculate the highest common factor of v and n.
13
Suppose -5*q - 78 + 290 = 3*j, -5*j = -3*q + 100. Let z = -8160 + 8170. Calculate the highest common factor of z and q.
10
Let g = 4169 - -5541. What is the greatest common factor of 10 and g?
10
Let i be 6896/16 + (-12 + 5 - -8). What is the greatest common divisor of 3312 and i?
144
Let v(l) = -l**2 - 19*l - 73. Let c be v(-15). Let h be c/(-1 + -4 + 4). What is the highest common factor of h and 104?
13
Let r = -10 - -10. Let l(w) = -2*w**3 - 2*w**2 - 400. Let i be l(r). Let m be (-4)/12 + i/(-12). What is the highest common factor of 3 and m?
3
Let o(k) = 37*k - 641. Let s be o(20). Calculate the highest common factor of 549 and s.
9
Let v = 428 + -392. Suppose -5*i + 49 = j, -7*i + 3*i - 4*j + v = 0. Calculate the greatest common divisor of i and 10.
10
Let c be (-3)/2*32/(-12). Suppose -2*k = -4*g + 3*g - 7, 2*k = -c*g + 12. Suppose -1701 = 17*p - 1871. Calculate the greatest common divisor of k and p.
2
Suppose 2034*l - 2005*l = 104574. Calculate the greatest common divisor of 4 and l.
2
Suppose 48*m - 26180 = -21*m - 85*m. Suppose -34 = 2*n - 102. Calculate the greatest common divisor of m and n.
34
Let f = 5696 + -4965. Calculate the highest common divisor of f and 765.
17
Let z be (-2)/4 + 87/(-2). Let k = z - -65. Suppose k*s - 26*s + 400 = 0. Calculate the highest common divisor of s and 32.
16
Suppose 0 = -438*h + 408*h + 351720. Calculate the highest common divisor of h and 24.
12
Let m(k) = -k - 6 - 17 + 4 + 4. Let i be m(-18). Suppose i*c - c - 296 = -5*t, c + 302 = 5*t. Calculate the greatest common divisor of 20 and t.
20
Suppose 3*r = 2*o + 1072, -3*o + 908 + 169 = 3*r. Let i = r + -354. Calculate the highest common factor of i and 13.
1
Let r = 251 - -1192. What is the greatest common factor of r and 555?
111
Let c(r) = r**2 + 22*r + 57. Let x be c(-19). Let j be ((-5)/(-10))/(2/76 + x). Calculate the highest common divisor of 475 and j.
19
Let f = 1789 + -1077. Let s = f + -592. Calculate the highest common divisor of s and 420.
60
Let p = -5307 + 7611. Calculate the greatest common factor of p and 18.
18
Let k = 148 - 148. Suppose k = 5*r + 4*t + 20 - 715, 5*r - 685 = -2*t. What is the highest common divisor of 5 and r?
5
Suppose 220*i = 221*i + 14. Let u be (6/21 - 157/i)*2. Let p = 395 + -234. What is the highest common factor of p and u?
23
Suppose 36 = -t + 4*t. Suppose -4*i - 2*x = -5 - 3, 4*i = -4*x + 8. Suppose 4*n + 4 = 12, 0 = -i*c - n + 122. Calculate the greatest common divisor of c and t.
12
Let l = -8506 - -9045. What is the highest common divisor of 147 and l?
49
Let p(h) = -h**3 + 5*h**2 - 21*h + 37. Let b be p(2). Let x(z) = z**3 - 5*z**2 - 6*z + 7. Let y be x(7). What is the highest common divisor of b and y?
7
Let u(k) = -k**3 + 12*k**2 - 20*k + 4. Let q be u(10). Let o be (-12)/q + 43/1. What is the greatest common factor of 56 and o?
8
Suppose -27 = -18*o + 15*o + 2*n, 4*o = 2*n + 34. Calculate the highest common divisor of o and 2170.
7
Suppose 5*v - 336 = -9*v. Suppose 4*j - v = 16. Let z be 5/(j/28) + (-2)/2. What is the greatest common factor of 13 and z?
13
Suppose 25 = 5*d, -5*q + 2*d = -3289 - 581. Calculate the greatest common factor of 16 and q.
8
Let z(w) = 3*w**2 - 12*w + 90. Let r(l) = -l**2 + 6*l - 46. Let d(m) = 5*r(m) + 2*z(m). Let t be d(17). Calculate the greatest common factor of t and 62.
31
Suppose o - 3*g - 321 = 0, -23*o - 4*g + 356 = -22*o. Calculate the greatest common divisor of 189 and o.
21
Let t = 118 - -14. Let v = -3952 - -3955. Let x be t + 6/6*v. Calculate the greatest common factor of x and 54.
27
Let i(k) = 6538*k + 13118. Let y be i(-2). Let t(j) = -j**2 - 9*j - 9. Let c be t(-7). Suppose -c*z = -6*z + 28. What is the greatest common divisor of y and z?
14
Let w(a) = 2*a**2 + 41*a - 33. Let h be w(-24). Suppose 4*z - 5*z = -5*s - 5, 5*z = -s + 77. What is the highest common factor of z and h?
15
Suppose 11*q + 5 = 10*q. Let k(o) = -20*o - 25. Let j be k(q). Calculate the highest common factor of 100 and j.
25
Suppose 67 = -4*q + j + 195, 13*q - 414 = 3*j. Calculate the highest common factor of q and 3255.
15
Let l be 9/15 - (-4355)/325. Suppose 3*u + 2*u - 490 = 0. Calculate the greatest common factor of u and l.
14
Suppose -10*d + 819 = 448 - 529. What is the greatest common divisor of d and 405?
45
Suppose 278*k - 1001 = 267*k. Suppose k*o - 87*o - 156 = 0. Calculate the greatest common factor of 3 and o.
3
Suppose -f + 4*x = -107, -126*f + 194 = -124*f + 2*x. Calculate the greatest common divisor of 517 and f.
11
Suppose -5*f = 3*o - 1, -19 + 25 = 2*f + 4*o. Let j(m) = 6*m**2 - m. Let w be j(f). What is the greatest common factor of w and 182?
7
Let w = 100 + -82. Let i be ((-17)/((-510)/w))/((-1)/(-5)). What is the highest common factor of i and 186?
3
Let o be 5*-4*1946/(-280). What is the greatest common divisor of o and 3336?
139
Suppose -71*b + 2109 = -14*b. What is the greatest common divisor of b and 16?
1
Let h be 6/5 + 12762/90 + -15. Let b = -49 + 145. Calculate the greatest common divisor of h and b.
32
Let o = 14 - -357. Suppose o = 7*i - 49. What is the greatest common factor of 150 and i?
30
Let c be -2 - -4 - 0/1. Suppose -3*v - 7 = c*n - 33, -5*v + 44 = 4*n. Suppose -i = v*i - 792. Calculate the highest common divisor of i and 8.
8
Let m be 204/(-10) - (-6)/15. Suppose 16*w = 428 + 676. Let h = w + m. What is the greatest common divisor of h and 7?
7
Suppose 5*m - 2*o - 259 = 1, m = -2*o + 52. What is the greatest common divisor of 12116 and m?
52
Suppose -17 - 286 = -c. Suppose 3*k + c = 318.